 divided by 8?
5
Let o = 51 + -79. What is the remainder when (-1600)/o - (6/(-7) - -1) is divided by 20?
17
Let z(f) = 35*f - 77. Calculate the remainder when z(4) is divided by 14.
7
Let a(s) = 0*s - 9*s + 0*s - 5*s - 30. What is the remainder when a(-6) is divided by 14?
12
Let i = -280 - -184. Let g = i - -141. Calculate the remainder when g is divided by 16.
13
Suppose -r + 2*r + 3*o - 150 = 0, 0 = 3*r - o - 490. What is the remainder when r is divided by (7 + (-3 - -35)/(-4) + -32)*-1?
30
Let s(x) = x**2 - 24*x - 63. Let v = 2 - -32. What is the remainder when v is divided by s(27)?
16
Suppose 0 = -p + 5*p - 20. What is the remainder when ((-8)/18)/(-2) + 665/45 is divided by p?
0
Let m(q) = 2*q + 4. Let j be m(5). Suppose 0 = 4*d - j - 74. What is the remainder when d is divided by 13?
9
Let c(z) = z**3 + 3*z**2 - z - 1. Let r be c(-3). Suppose 2*x + 0*b - 5 = 5*b, -x + 3*b + r = 0. Calculate the remainder when 11 is divided by x.
1
Let s(a) = -a**2 - 10*a + 4. Suppose -4*k - 2*t - 3*t = 30, 0 = 2*k - 5*t + 30. Calculate the remainder when s(k) is divided by 2.
0
Let p = -97 + 151. Let m = -40 + p. What is the remainder when m is divided by 5?
4
Let j(b) = -b**3 - b**2 + b + 20. Calculate the remainder when j(0) is divided by ((-5)/15)/(4/(-132)).
9
Let f = -1724 + 1745. Let i(w) = 10*w**3 + 2*w - 3. Suppose 4*k = 8, -2*k = -r - 3*r + 4. Calculate the remainder when i(r) is divided by f.
18
Let t = -65 + 120. What is the remainder when t is divided by ((-36)/(-108))/(2/90)?
10
Let f(m) = -m**3 - 11*m**2 - 15*m - 44. Let u be f(-10). Suppose -t = w - 33, u*w - 168 = -5*t + 2*w. What is the remainder when t is divided by 13?
10
Suppose -6*u + 2 = -46. Suppose u*i + 2*i = 240. Calculate the remainder when 95/2*(1 + 1) is divided by i.
23
Let b(k) = -3*k + 5. Let p be b(7). Let m = p + 55. Calculate the remainder when m is divided by 17.
5
Let s(j) = j**2 - 21*j - 70. Calculate the remainder when s(26) is divided by 15.
0
Suppose -6 = 3*a - 0*a. Let g(c) = c + 5. Let l be g(a). Suppose 4*i - j = -5*j + 320, -i - l*j + 72 = 0. What is the remainder when i is divided by 29?
26
Suppose -x + 2*q = -3 + 5, 12 = 3*q. Let p be (80/x)/((-2)/(-6)). Suppose 0 = 5*k - 10*k + p. Calculate the remainder when 23 is divided by k.
7
Suppose -10*g + 7*g = -108. What is the remainder when 78 is divided by g?
6
Calculate the remainder when (-10)/(-8)*1*72 is divided by 80/15*(-81)/(-18).
18
Suppose -3*q - 3*o + 360 = 0, 0*q = 3*q + 4*o - 356. Let d = 182 - q. Calculate the remainder when d is divided by 15.
13
Calculate the remainder when (-2 + 3)*(-1 + (-1 - -108)) is divided by 30.
16
Let a(r) be the first derivative of -r**2/2 + 14*r - 1. Let u(z) = z**2 + 4*z - 4. Let t be u(-3). Calculate the remainder when 60 is divided by a(t).
18
Let r be 0 - -2 - (-6 + -6). Let q = r + -6. Calculate the remainder when (1*6)/((-33)/(-22)) - -11 is divided by q.
7
Let f = 39 + -24. Calculate the remainder when f is divided by 11.
4
Suppose 4*l + 5*b = 10 + 186, b = -5*l + 266. What is the remainder when 171 is divided by l?
9
Let s = 91 - 45. Suppose -2*p - s = -u, -12 = -2*u - 2*p + 56. Calculate the remainder when u is divided by 8.
6
Let c(v) = v + 10. Let w be c(-6). Suppose m = 3, -w*m - 18 + 76 = 2*b. Calculate the remainder when b is divided by 6.
5
Let p(x) = x + 12. Let c be p(-16). Suppose -4*z + 3*d = 67, d - 1 = -5*z - 80. Calculate the remainder when (-7 - c - z) + 1 is divided by 5.
4
Let l(b) = -b**2 - 12*b - 7. Let p be l(-10). Suppose -3*m = -18 - 9. What is the remainder when p + (-3)/((-1)/1) is divided by m?
7
Suppose 4*p - 5*o - 4 = -0*p, 0 = -p - 4*o + 22. Let d(q) = q**2 + 16*q + 40. Calculate the remainder when p is divided by d(-13).
0
Let r(i) = -i**2 + 17*i - 4. Calculate the remainder when 247 is divided by r(11).
61
Let u(i) = 2*i**3 - i**2 + 2*i + 2. Let d be u(3). Let g = d + -32. Calculate the remainder when 82 is divided by g.
19
Suppose -28*j + 76 = 2*y - 32*j, -2*y + 5*j + 77 = 0. What is the remainder when 139 is divided by y?
31
Calculate the remainder when 1188/231*56/6 is divided by 4.
0
Let g be (1 + 1)*1/(-2). Let j = 26 + 24. Calculate the remainder when j is divided by (17/(-2))/(g/2).
16
Suppose -4*t + 2*g - 6*g = -220, 0 = -2*t - 3*g + 107. Calculate the remainder when t is divided by 23.
12
Suppose -7*b + 23 = -82. Suppose -7*o + b = -181. Calculate the remainder when o is divided by 5.
3
Suppose -295 = -28*b + 41. Calculate the remainder when 234 is divided by b.
6
Suppose x + 4 = 12. Suppose -x*h = -2*h - 42. What is the remainder when 13 is divided by h?
6
Let o = 1872 - 1747. What is the remainder when o is divided by 36?
17
Let y = 41 + -51. What is the remainder when 4 is divided by (-10)/25 - (24/y - 2)?
0
Calculate the remainder when 419 is divided by (2/(-8))/((-17)/6868) - -4.
104
What is the remainder when 15/((-75)/20) - -51*3 is divided by 25?
24
Let d(f) = 2*f**2 - 16*f + 39. Calculate the remainder when 510 is divided by d(9).
54
Let t = -93 - -187. Suppose -3*o - 10 + 82 = 0. Calculate the remainder when t is divided by o.
22
Let d(l) = l**2 - 7*l - 9. Calculate the remainder when 82 is divided by d(10).
19
Let m be (-4)/(-8)*(0 + -6). Let n(s) = -s**3 - 9*s**2 - 11. What is the remainder when n(-10) is divided by (-66)/m + (-1)/(-1)?
20
Suppose -3*p - 6 = 0, -240 = -4*z + 14*p - 16*p. What is the remainder when 148 is divided by z?
26
Calculate the remainder when 488/14 - 13/(-91) is divided by 24.
11
Let m(a) = -21*a + 684. What is the remainder when m(25) is divided by 15?
9
Suppose -3*z - 12 + 43 = 5*o, 0 = 3*z - 3*o + 9. Suppose -z*m = x - 290, 3*x - 8 = 4. What is the remainder when m is divided by 29?
27
Suppose -23*i + 27*i + 36 = 0. What is the remainder when (-110)/i + 2/(-9) is divided by 7?
5
Let b be ((-708)/18)/(6/9). Let u = -30 - b. Suppose -2*k - 4*z + 17 = -3*z, -4*k = z - u. Calculate the remainder when 15 is divided by k.
3
Let k(s) = -7*s - 11 + 10*s - 10*s - 7*s. Let u(y) = 5*y - 8. What is the remainder when k(-7) is divided by u(6)?
21
Suppose -5*n + 5*w = -190, 0 = -n + 2*n + w - 34. Let p be 15/20 + (-430)/8. Let y = p + 194. Calculate the remainder when y is divided by n.
33
Suppose 5*k + g = 17, 0 = -4*k + k + g + 15. Suppose 0 = -k*h + 4 + 80. What is the remainder when 76 is divided by h?
13
Let z(s) = -3*s + 6. Calculate the remainder when z(-7) is divided by (1 + 11)*5/4.
12
Let l(q) = -q**3 + q**2 + q - 2. Let v be l(1). Let o = 12 + v. What is the remainder when o is divided by 4?
3
Let c = -66 + 35. Let i = -15 - c. What is the remainder when 45 is divided by i?
13
Calculate the remainder when 176 is divided by (-805)/(-140)*(1 + 3).
15
Calculate the remainder when 368 is divided by 5*5*(-20)/(-50).
8
Let j(c) = -c. Let y(k) = 16*k**2 + 3*k + 1. Let h(u) = 4*j(u) + y(u). Let p be h(2). Calculate the remainder when 24 is divided by (-4)/(-18) + 805/p.
11
Suppose 146 = -2*b - 38. Let r = 143 + b. What is the remainder when r is divided by 9?
6
Let u = 64 - 66. Let l = 4 - u. Calculate the remainder when 10 is divided by l.
4
Let n be 4*35/20*-1. Calculate the remainder when 18 is divided by (-4)/(-4) + (3 - n).
7
Let b = 546 + -284. Calculate the remainder when b is divided by 44.
42
Let k(g) = g**3 + 7*g**2 - 10*g - 10. Let m = -7 + -1. Suppose 6*c - 30 = 0, 4*c = -42*o + 46*o - 64. What is the remainder when o is divided by k(m)?
3
Suppose 339 + 33 = 4*h. Suppose -m = -5*s + 163, 2*s + 0*s + 4*m = 52. Calculate the remainder when h is divided by s.
29
Suppose -19 = -i + 21. Let y = i + -24. Calculate the remainder when 46 is divided by y.
14
Suppose 10*m - 5*m = 215. Let j = -39 + m. Let h = 34 + -19. What is the remainder when h is divided by j?
3
Suppose 0 = -4*x + 4*d + 132, x = -x - 4*d + 78. Calculate the remainder when 172 is divided by x.
32
Suppose -4*j = -28 + 56. Suppose -3*i - 2*i + 315 = 0. What is the remainder when i is divided by -2*(-1)/j + (-1404)/(-63)?
19
What is the remainder when (-132)/(-1) + 10 + (8 - 21) is divided by 49?
31
Suppose p + 3*p = 20, 4*z - 300 = -4*p. Let x be 483/(-35) - (-8)/10. Let l(k) = k**2 + 12*k + 5. What is the remainder when z is divided by l(x)?
16
Suppose 0 = l + 3 - 19. Calculate the remainder when 109 is divided by 4/(